vided by 15?
14
Let u = 1160 + -1152. Let a(n) = -n**3 + 35. Let q be a(0). Let c = q - 22. Calculate the remainder when c is divided by u.
5
Let d be 4 - 6 - (1 - 2). Let x = 81 + -59. What is the remainder when x is divided by -6*(2 + d - 2)?
4
Let p = 27 + -7. Let l = 28 - p. Calculate the remainder when 22 is divided by l.
6
Suppose 2*r + 5 - 91 = -2*y, 4*r + 2*y - 178 = 0. Suppose j = 14*j - 871. Let z = j - r. Calculate the remainder when 39 is divided by z.
18
Let b = 7720 + -7666. Calculate the remainder when (3 + 18)*(1 + 9) is divided by b.
48
Let v be 21/(-3)*2/(-7) - -3. Suppose 52 - 107 = -v*l. Calculate the remainder when 41 is divided by l.
8
Let h = -44 + 47. Suppose z - h*w = -4*z + 476, 0 = 5*z + w - 468. Calculate the remainder when z is divided by 16.
14
Suppose 2*o - 5*w = 249, 6*o - 243 = 4*o + 3*w. Calculate the remainder when o is divided by 20.
17
Let n be (0 + 4)*(-1209)/(-13). Suppose 6*u - 18 - n = 0. What is the remainder when u is divided by 17?
14
Suppose -2*x + 32 = 2*x + 2*z, 4*x = 5*z + 4. Calculate the remainder when ((-3)/12)/((-2 + -1)/156) is divided by x.
1
Let k = -37 - -39. Calculate the remainder when 50 is divided by 10 + (-2)/(-2) + k.
11
Suppose 5*s + 3*z = -54 + 12, 5*z = 5. Let u = s - -183. Calculate the remainder when u is divided by 44.
42
Suppose 214 - 14 = 4*f. Let l(r) = -r**2 - 11*r - 11. Suppose 5*x - j + 40 = 0, -j + 6 - 22 = 2*x. Calculate the remainder when f is divided by l(x).
11
What is the remainder when 261 is divided by 330/4*(-52)/(-65)?
63
Let f be 0 + 3 + -3 + 2. What is the remainder when f/13 - 230/(-26) is divided by 6?
3
Let t(v) = v**3 - 12*v**2 + 12*v + 12. Let b be (-3 - 52/(-16))*8. Suppose 2*i + 92 = b*g, i = 3*g - i - 135. What is the remainder when g is divided by t(11)?
20
Let q(o) = 30*o + 151. What is the remainder when q(-5) is divided by 1?
0
Suppose -3*j = -4*g + 163, 2*g - 3*g = j - 32. What is the remainder when 295 is divided by g?
36
Suppose 48 = j + 36. Calculate the remainder when j is divided by 4.
0
Let q = 49 - 27. Let x = 15 - q. Let v = x + 22. Calculate the remainder when v is divided by 3.
0
Let k = 299 - 282. Calculate the remainder when 50 is divided by k.
16
Let p = -726 + 1346. What is the remainder when p is divided by 69?
68
Suppose 3*q + u + 16 = -u, 0 = -3*q - 4*u - 26. Let n(h) = -9*h**3 + 3*h**2 + 4*h + 3. What is the remainder when n(q) is divided by 9?
7
Let j = -13 + 20. Let w(d) = -d**2 - 12*d + 46. What is the remainder when w(-13) is divided by j?
5
Let i = -1051 - -1069. Let r = 177 - 447. What is the remainder when 1/4 - r/8 is divided by i?
16
What is the remainder when ((-21)/8)/((-6)/48) is divided by 1/(-3 - (-102)/33)?
10
Let x be 2*14 + -9 + 5. Let l be 142/8 + (-18)/x. Let p = l - 7. What is the remainder when 18 is divided by p?
8
What is the remainder when (-62)/(-465) + 3043/15 is divided by 51?
50
Suppose 5*u + 15 + 17 = -4*k, 3*u - 8 = k. Let p be k - (0/3 - 3). What is the remainder when (-268)/10*p/2 is divided by 23?
21
Let k be (-240)/32*((-4)/6 - 0). Suppose f = -t + 12, k*f - 11 = t + t. Calculate the remainder when 8 is divided by t.
1
Suppose 67*v - 131 = 271. Let a = -49 + 96. Calculate the remainder when a is divided by v.
5
What is the remainder when ((-9592)/(-10) - 2) + 17/(-85) is divided by 160?
157
Let k = 247 + -242. What is the remainder when 13 is divided by k?
3
Let j = -701 + 706. What is the remainder when 13 is divided by j?
3
Let z(l) = -17*l - 155. What is the remainder when z(-12) is divided by (-48)/(-3) - (-2)/2?
15
Calculate the remainder when 17 is divided by 9/(270/4) - 163/(-15).
6
Let j = 29 + -24. Suppose j*g = 26 + 64. Calculate the remainder when g is divided by 5.
3
Suppose 5*v = -2*t + 210, t + 7*v = 5*v + 103. Suppose 4 = c + 2. Suppose -5*h = -c*x + 53, h = 3*x + 8 - 55. Calculate the remainder when t is divided by x.
11
Let k(r) = -17*r**2 - 4*r - 1. Let v(a) = 34*a**2 + 7*a + 2. Let h(g) = 5*k(g) + 3*v(g). What is the remainder when h(2) is divided by 18?
17
Suppose j = 1 + 3. Suppose j*v = -v + 25. Calculate the remainder when v is divided by 2.
1
Let r(h) = h**3 - 8*h**2 - 20*h + 2. Let f be r(10). Suppose -l + 2*u = -20, -2*l + 3*l = -f*u + 36. What is the remainder when l is divided by 15?
13
Suppose 69 - 9 = 4*y. Let o be -1 + 18/4 - 1/2. Let w(l) = 13*l + 3. What is the remainder when w(o) is divided by y?
12
Let z be (7 - -1)*(-49)/(-28). Suppose 4*m - 146 = -5*l, 0 = -3*m - 2 + z. Calculate the remainder when l is divided by 6.
2
Let b = 226 + -216. What is the remainder when b is divided by 2?
0
Let t = 137 - 123. Calculate the remainder when 23 is divided by t.
9
Suppose 2*k + 5*p + 7 + 5 = 0, 12 = -3*p. Suppose 36 = 2*d - 22. What is the remainder when d is divided by k?
1
Let f(r) = 9*r + 37. Let x be f(-9). Let i(j) = -12*j - 10. Let w be i(-7). Let k = x + w. What is the remainder when k is divided by 8?
6
Suppose -b - 4*t = 4*b - 231, 0 = b - 2*t - 49. Let s = -33 + b. Calculate the remainder when 51 is divided by (s/(-4) + 3)*-26.
12
Suppose z = -10*z + 286. What is the remainder when 31 is divided by z?
5
Suppose -5*x + x = -28. Calculate the remainder when x is divided by 3.
1
Let n = -48 + 162. Suppose 0 = -q + 2 + 2, -2*q = l - n. Calculate the remainder when l is divided by 27.
25
Let v(l) = -l**3 - 15*l**2 + 101*l - 16. What is the remainder when v(-21) is divided by 51?
50
Calculate the remainder when 4495/25 + (-165)/(-75) is divided by 47.
41
Let m = 320 - 290. What is the remainder when m is divided by 16?
14
Suppose -3*y + 1 = -4*y, -a = -4*y - 43. Let c(s) = -2*s - 10. Let z be c(-8). Let i(n) = 2*n + 8. Calculate the remainder when a is divided by i(z).
19
Suppose -5*h + s = -3663, h - 111 - 612 = 5*s. What is the remainder when h is divided by 16?
13
What is the remainder when 129 is divided by ((-142)/(-4) - 0) + (-34)/68?
24
Suppose -149 = -3*n + 64. What is the remainder when n is divided by 14?
1
Let n(h) = -2*h**2 + 41*h - 78. What is the remainder when 1114 is divided by n(18)?
10
Suppose 0 = -191*f + 203*f - 2448. Calculate the remainder when f is divided by 9.
6
Suppose 5*p + 33 = 303. What is the remainder when p is divided by 28?
26
Suppose 0 = 27*z - 32*z + 120. Let u(v) = -4*v**2. Let r be u(2). Let f = r + z. Calculate the remainder when 22 is divided by f.
6
Let r = 83 - 78. Suppose 0 = 9*t - 13 - r. What is the remainder when t is divided by 2?
0
Let q(x) = -x**2 + 10*x - 15. Let c be q(16). Let z = -94 - c. What is the remainder when z is divided by 8?
1
Let b(g) = -6*g - 6. Let a be b(-4). Let v = a + 6. Let j = 30 - 17. What is the remainder when v is divided by j?
11
Suppose -3*z + 4*p + 3 = -15, 0 = 3*z + p - 3. What is the remainder when 64 is divided by ((-51)/(-12) - 2)*(z + 10)?
10
Let p(j) = -j**3 + 4*j**2 + 5*j - 1. Let d be p(4). Suppose d = -a - u, -2*u - 5 - 5 = 0. What is the remainder when (-8 + 18)*a/(-4) is divided by 13?
9
Let m(s) = -s + 7. Let r be m(5). Suppose 3*i = -2*i + 3*x + 56, -r*i + x + 22 = 0. Let c = 14 - i. What is the remainder when 10 is divided by c?
2
Suppose -d - 4*d - 355 = 0. Let j = 48 + d. Let b = 26 + j. What is the remainder when 4 is divided by b?
1
Suppose 5*y = -1066 + 116. Let h = -76 - y. What is the remainder when h is divided by 30?
24
Let f(h) = -h**3 + 12*h**2 - 6*h + 75. What is the remainder when f(11) is divided by 19?
16
Suppose 4*t + 476 = 3*c + 187, 0 = -2*c - t + 189. What is the remainder when c is divided by 26?
17
Let c = 10 - 10. Suppose 5*d - 20 = -c*d. Suppose -f + 5*t + 11 = 0, t = -d*t. Calculate the remainder when 31 is divided by f.
9
Let d = -17 + 30. Suppose -u - 17 = -2*l - 0*l, 0 = 5*u + 5. Calculate the remainder when d is divided by l.
5
Let q = -4 + 9. Let j be (2/4)/((5/(-80))/(-1)). Suppose q*l + 18 = j*l. Calculate the remainder when 9 is divided by l.
3
Let a = -1058 - -1103. Calculate the remainder when 853 is divided by a.
43
Suppose 4*m + 60 = 5*s + 9*m, s + 5*m - 20 = 0. What is the remainder when s is divided by 9?
1
Let w = 37 - 22. Suppose w = 2*y + 5*p, -5*y + 15 = 3*p + 2*p. Suppose y = -2*n + n + 13. What is the remainder when 24 is divided by n?
11
Let p = 69 - 64. Let r be (-78)/(-15) + 1/(-5). Suppose m = -m + p*j + 2, -r*j - 35 = -5*m.